.
-31
Let k(l) = -3*l**3 - l**2 + 1. What is k(-1)?
3
Let t(x) = -x**2 - 42*x + 4. Calculate t(0).
4
Let m(c) = c**3 - 9*c**2 + 8. Calculate m(9).
8
Let k(l) = -l**2 - 80. Determine k(0).
-80
Let z(f) = -f - 64. Give z(-16).
-48
Let w(k) = k**2 - 5*k - 15. Give w(7).
-1
Let h(j) = -2*j - 12. Calculate h(-4).
-4
Let n(q) = 6*q + 129. Calculate n(-28).
-39
Let l(x) = -13*x - 6. Calculate l(-1).
7
Let w(q) = q**3 + 9*q**2 - q - 18. What is w(-9)?
-9
Let p(g) = -g**3 + 6*g**2 - g - 5. What is p(4)?
23
Let s(n) = -17*n - 12. What is s(-1)?
5
Let x(i) = 6*i**3 - i**2 - 2*i + 3. Determine x(1).
6
Let y(l) = -l**2 - 10*l - 1. Determine y(-8).
15
Let v(d) = -d**3 - d**2 + 4*d. Calculate v(-2).
-4
Let z(q) = -q**2 - 5*q + 2. Calculate z(5).
-48
Let u(k) = -26*k - 3. What is u(-3)?
75
Let b(c) = c**3 - c**2 + c - 1. Give b(-3).
-40
Let r(a) = -a + 3. Determine r(-3).
6
Let p(s) = 5*s - 4. Calculate p(5).
21
Let f(m) = -110*m + 5. Give f(-1).
115
Let j(z) = -z**2 - 5*z + 6. Calculate j(-6).
0
Let j(f) = -f**3 + 1. What is j(1)?
0
Let g(x) = x**3 + 11*x**2 + 4*x + 6. Determine g(-11).
-38
Let x(v) = 8*v**3 - 3*v**2 - 3*v + 12. Determine x(2).
58
Let r(m) = m**2 + 10*m - 27. Calculate r(-13).
12
Let p(k) = -k**3 + 8*k**2 - 3*k - 5. Give p(8).
-29
Let p(x) = -2*x - 25. Determine p(-8).
-9
Let r(b) = -3*b**2 + 7*b + 7. Calculate r(5).
-33
Let i(j) = -j**3 - 11*j**2 - 11*j + 13. What is i(-9)?
-50
Let m(a) = -a + 9. Calculate m(12).
-3
Let v(n) = 4*n + 35. Calculate v(-9).
-1
Let x(o) = o**3 + 76*o**2 + 69*o - 455. Give x(-75).
-5
Let u(d) = 7*d**3 + 2*d**2 - 1. Determine u(-1).
-6
Let p(d) = -2*d + 37. What is p(9)?
19
Let m(z) = -z**2 + 21*z - 23. What is m(20)?
-3
Let y(r) = 2*r**2 - 8*r - 4. Calculate y(3).
-10
Let a(t) = 13*t**3 - t**2 + 1. Calculate a(1).
13
Let y(r) = 28*r + 396. Determine y(-14).
4
Let l(y) = -15*y**2 - 2*y - 1. Calculate l(-1).
-14
Let m(t) = -t**2 - 12*t - 10. Determine m(-10).
10
Let h(q) = -q**3 + 4*q**2 + 13*q. Determine h(6).
6
Let n(l) = l**3 - 3*l**2 + 2*l - 1. Determine n(3).
5
Let y(w) = -w**2 - 3*w. Calculate y(3).
-18
Let s(a) = -a**3 + 14*a**2 - 28*a - 24. What is s(11)?
31
Let x(q) = 4*q + 56. Give x(-11).
12
Let b(f) = -f**3 + 10*f**2 - 9*f + 1. Give b(9).
1
Let x(u) = 3*u - 5. What is x(-12)?
-41
Let k(d) = 2*d**2 + 76*d + 78. What is k(-38)?
78
Let w(h) = h**3 + 25*h**2 + 27*h + 11. What is w(-24)?
-61
Let a(m) = 13*m + 1. Determine a(-5).
-64
Let n(l) = -4*l - 7. What is n(-2)?
1
Let j(o) = -6*o**2 - 4*o + 3. Determine j(1).
-7
Let n(i) = -2*i**3 + i**2 - 6*i + 5. Calculate n(3).
-58
Let i(q) = -q**2 - 6*q - 8. Give i(-5).
-3
Let j(n) = -7*n - 1. Give j(3).
-22
Let s(d) = -4*d**3 - 2*d**2 + 2*d + 3. Give s(-1).
3
Let m(n) = n**3 - 9*n**2 + 9*n - 15. What is m(8)?
-7
Let h(a) = -30*a - 8. Give h(-2).
52
Let z(x) = -x**2 - 14*x - 51. Calculate z(-8).
-3
Let r(j) = -12*j - 10. Determine r(-1).
2
Let q(h) = 3*h**2 - 91*h - 156. Determine q(32).
4
Let f(d) = -d**3 + 4*d**2 + 2*d - 14. What is f(4)?
-6
Let j(m) = -4*m + 11. Determine j(-5).
31
Let s(i) = i**2 + 12*i - 16. What is s(-13)?
-3
Let x(c) = 4*c**2 - 14*c + 29. What is x(3)?
23
Let k(m) = -m**3 + m**2 - m + 14. Calculate k(0).
14
Let f(z) = 3*z**2 - 6*z + 4. Give f(4).
28
Let v(a) = -a**2 - 34*a - 201. What is v(-26)?
7
Let x(f) = 62*f - 3. Give x(-1).
-65
Let j(n) = n**2 + 8*n + 11. Determine j(-6).
-1
Let u(d) = -8*d**3 - 2*d**2 + 10*d + 12. Give u(-1).
8
Let z(n) = n - 18. Calculate z(8).
-10
Let g(o) = 5*o + 40. Give g(-4).
20
Let f(o) = o + 4. What is f(-9)?
-5
Let m(w) = w**3 - 15*w**2 + 25*w + 22. Determine m(13).
9
Let i(u) = u**2 + 14*u - 21. Give i(-15).
-6
Let s(t) = 2*t - 1. Give s(-6).
-13
Let x(s) = 13*s. Calculate x(1).
13
Let r(q) = q**3 + 7*q**2 + 6*q. Determine r(-5).
20
Let g(x) = -x**3 - 11*x**2 + 2*x + 21. Give g(-11).
-1
Let y(h) = h**2 + 10*h + 18. What is y(-12)?
42
Let n(h) = -2*h**2 - 21*h - 46. Determine n(-4).
6
Let o(i) = i + 12. Give o(-15).
-3
Let a(b) = b**3 + 2*b**2 - b - 2. Determine a(2).
12
Let s(l) = l**2 + 37*l - 314. Calculate s(7).
-6
Let y(b) = -b**2 + 11*b + 9. Give y(12).
-3
Let y(h) = -h**2 + 5*h + 5. Give y(5).
5
Let q(a) = 5*a - 2. What is q(1)?
3
Let a(c) = -4*c + 69. Calculate a(19).
-7
Let c(m) = 10*m + 1. Give c(4).
41
Let y(z) = -3*z**2 + z + 4. What is y(3)?
-20
Let b(i) = -i**3 + 11*i**2 - 9*i - 5. Determine b(10).
5
Let w(s) = -2*s**2 - 15*s - 6. What is w(-9)?
-33
Let i(d) = 3*d - 10. Give i(5).
5
Let u(j) = -3*j - 7. What is u(-5)?
8
Let k(s) = 2*s**3 + 12*s**2 + 11*s + 4. Calculate k(-5).
-1
Let p(g) = -10*g - 23. Give p(-2).
-3
Let h(m) = 4*m. Calculate h(-2).
-8
Let y(s) = 10*s**3 + s**2. Give y(-1).
-9
Let b(p) = 4*p + 2. Determine b(2).
10
Let w(n) = n**3 + 13*n**2 - 10*n + 11. What is w(-14)?
-45
Let j(p) = p**3 + p**2 + p - 13. Determine j(0).
-13
Let o(v) = v**2 + 24*v - 69. What is o(-27)?
12
Let l(q) = q**2 + 2*q - 15. Give l(-7).
20
Let f(d) = d + 1. What is f(-10)?
-9
Let p(r) = r**2 + 32*r + 263. What is p(-15)?
8
Let h(d) = d**3 - 2*d**2 - 10*d + 5. Calculate h(5).
30
Let z(f) = f**3 + 13*f**2 - 3*f - 7. Calculate z(-13).
32
Let d(q) = 3*q - 34. Calculate d(13).
5
Let k(h) = -16*h + 112. What is k(5)?
32
Let h(x) = -3*x - 10. What is h(-3)?
-1
Let n(t) = -t**3 - 12*t**2 + 3*t + 35. Determine n(-12).
-1
Let r(f) = 34*f**3 + 2*f**2 + f. What is r(-1)?
-33
Let f(o) = -5*o - 14. What is f(-6)?
16
Let h(p) = -p**3 - 14*p**2 - 5. Give h(-14).
-5
Let b(x) = 4*x**2 + 85*x + 47. Give b(-21).
26
Let d(c) = -15*c + 6. Calculate d(-4).
66
Let u(q) = -q**3 - q**2 + q - 6. Calculate u(-3).
9
Let a(j) = 18*j + 51. What is a(-5)?
-39
Let o(a) = -14*a + 53. Determine o(5).
-17
Let u(j) = 24*j + 76. Give u(-3).
4
Let p(g) = -g**3 + 5*g**2 - g - 6. Give p(3).
9
Let g(u) = -u**2 + 2*u + 47. Give g(-6).
-1
Let i(s) = -s**3 - 16*s**2 + 16*s + 1. Determine i(-17).
18
Let r(c) = -7*c - 16. Calculate r(-13).
75
Let c(w) = -2*w**2 + 2*w + 4. Determine c(-2).
-8
Let c(a) = -a + 4. Give c(10).
-6
Let k(l) = -l**2 - 21*l + 8. Calculate k(-24).
-64
Let a(n) = 3*n**2 + 84*n - 88. Determine a(-29).
-1
Let y(i) = -14*i + 30. What is y(2)?
2
Let j(n) = -n + 26. Give j(19).
7
Let r(t) = -t**2 + 13*t - 1. Give r(7).
41
Let c(d) = 33*d + 118. What is c(-7)?
-113
Let i(d) = -2*d**3 + 3*d**2 + d + 2. What is i(3)?
-22
Let v(q) = 2*q**3 - q**2 + 3*q - 11. Calculate v(2).
7
Let o(d) = -6*d + 1. Give o(0).
1
Let f(p) = -25*p + 42. Calculate f(3).
-33
Let v(i) = 8*i - 1. Give v(2).
15
Let d(p) = p**2 - 7*p - 1. Determine d(7).
-1
Let k(w) = -45*w**2 - w + 1. What is k(1)?
-45
Let w(k) = 35*k + 56. Give w(-2).
-14
Let w(c) = c**3 + 10*c**2 - 19*c + 6. Determine w(-12).
-54
Let r(z) = -z**3 - 5*z**2 + z + 5. Determine r(-6).
35
Let i(s) = 3*s**3 - 8*s**2 - 3*s + 2. Determine i(2).
-12
Let u(d) = -5*d + 6. Give u(0).
6
Let s(q) = 173*q + 859. What is s(-5)?
-6
Let v(w) = 2*w**2 - 10*w - 5. Determine v(6).
7
Let y(i) = 2*i - 12. What is y(3)?
-6
Let v(i) = -26*i**2 - 2*i + 4. What is v(2)?
-104
Let u(i) = i**3 + 22*i**2 - 24*i - 3. Calculate u(-23).
20
Let i(h) = h**2 + 4*h - 29. What is i(5)?
16
Let l(t) = -t**3 - 4*t**2 + t - 2. Determine l(-4).
-6
Let f(o) = -20*o**3 - o**2 + 1. Determine f(1).
-20
Let m(b) = b**3 - 13*b**2 - 14*b + 1. Give m(14).
1
Let v(b) = -b**3 - 10*b**2 - 10*b - 9. Give v(-9).
0
Let p(f) = -8*f - 132. Determine p(-17).
4
Let m(d) = d**2 + 7*d - 125. Give m(-17).
45
Let s(p) = 14*p**3 + p**2 - 4*p - 5. Give s(-1).
-14
Let h(d) = 47*d - 181. What is h(4)?
7
Let s(r) = -r**3 - 12*r**2 - 16*r - 8. Calculate s(-11).
47
Let l(n) = n**2 + 17*n. Give l(-16).
-16
Let b(y) = -y**2 - 2*y + 6. Determine b(-5).
-9
Let q(c) = -16*c + 1. Determine q(1).
-15
Let a(j) = -13*j - 113. Give a(-9).
4
Let w(b) = -b**2 + 9*b + 15. What is w(7)?
29
Let n(d) = -d**3 - 4*d**2 - 3*d. Give n(-5).
40
Let z(k) = k**2 - 8*k + 15. Determine z(4).
-1
Let v(k) = k**3 + 2*k - 5. Calculate v(3).
28
Let a(w) = w**2 - 4*w - 3. Give a(-2).
9
Let o(k) = k**3 + 3*k**2 - 6*k + 2. Calculate o(-3).
20
Let v(f) = 5*f - 5. What is v(3)?
10
Let p(k) = k**2 - 6*k + 9. Calculate p(0).
9
Let l(p) = -21*p - 85. Give l(-4).
-1
Let x(z) = 3*z - 3. What is x(6)?
15
Let s(b) = 2*b**2 + 27*b - 31. Determine s(-15).
14
Let s(r) = -r**2 + 14*r - 15. Calculate s(6).
33